{"id":1065,"date":"2024-02-20T13:53:54","date_gmt":"2024-02-20T19:53:54","guid":{"rendered":"https:\/\/veracruzanosexcepcionahles.com\/?page_id=1065"},"modified":"2024-02-20T14:32:55","modified_gmt":"2024-02-20T20:32:55","slug":"directorio","status":"publish","type":"page","link":"https:\/\/veracruzanosexcepcionahles.com\/index.php\/directorio\/","title":{"rendered":"Directorio"},"content":{"rendered":"<p>Martha Cecilia Sanabria G\u00f3mez<\/p>\n<p>Directora<\/p>\n<p>Sub Director Jos\u00e9 Villegas L\u00f3pez<\/p>\n<p>Reporteros:<\/p>\n<p>Gustavo Vanda Sosa<\/p>\n<p>Timoteo Solano<\/p>\n<p>Xalapa, Veracruz.-<\/p>\n","protected":false},"excerpt":{"rendered":"<p>Martha Cecilia Sanabria G\u00f3mez Directora Sub Director Jos\u00e9 Villegas L\u00f3pez Reporteros: Gustavo Vanda Sosa Timoteo Solano Xalapa, Veracruz.-<\/p>\n","protected":false},"author":1,"featured_media":1054,"parent":0,"menu_order":0,"comment_status":"closed","ping_status":"closed","template":"","meta":{"footnotes":""},"class_list":["post-1065","page","type-page","status-publish","has-post-thumbnail","hentry"],"jetpack_sharing_enabled":false,"jetpack_likes_enabled":false,"jetpack_shortlink":"https:\/\/wp.me\/Pe8dhK-hb","_links":{"self":[{"href":"https:\/\/veracruzanosexcepcionahles.com\/index.php\/wp-json\/wp\/v2\/pages\/1065","targetHints":{"allow":["GET"]}}],"collection":[{"href":"https:\/\/veracruzanosexcepcionahles.com\/index.php\/wp-json\/wp\/v2\/pages"}],"about":[{"href":"https:\/\/veracruzanosexcepcionahles.com\/index.php\/wp-json\/wp\/v2\/types\/page"}],"author":[{"embeddable":true,"href":"https:\/\/veracruzanosexcepcionahles.com\/index.php\/wp-json\/wp\/v2\/users\/1"}],"replies":[{"embeddable":true,"href":"https:\/\/veracruzanosexcepcionahles.com\/index.php\/wp-json\/wp\/v2\/comments?post=1065"}],"version-history":[{"count":0,"href":"https:\/\/veracruzanosexcepcionahles.com\/index.php\/wp-json\/wp\/v2\/pages\/1065\/revisions"}],"wp:featuredmedia":[{"embeddable":true,"href":"https:\/\/veracruzanosexcepcionahles.com\/index.php\/wp-json\/wp\/v2\/media\/1054"}],"wp:attachment":[{"href":"https:\/\/veracruzanosexcepcionahles.com\/index.php\/wp-json\/wp\/v2\/media?parent=1065"}],"curies":[{"name":"wp","href":"https:\/\/api.w.org\/{rel}","templated":true}]}}